540)?
7
Let v be (((-9)/(-2))/3)/((-18)/(-24)). Suppose -4*k = 4*w + w - 548, v*k - 274 = -w. What is the units digit of k?
7
Let x(t) = -t**2 + 6*t + 11. Let z be x(7). Let q(u) = -u**3 - 6*u + 2 - z*u + 7*u**2 + 3*u + 5*u. What is the units digit of q(6)?
6
Let p be 16/(-40) - (-78)/(-5). Let m = p - -19. Suppose -i + 266 = 5*g + 5, -m*g - 5*i + 161 = 0. What is the units digit of g?
2
Let r be (4/(-2) - -3)*0. Let t be 6/(-27) - (-1019)/9. Suppose r = 5*h + 8 - t. What is the units digit of h?
1
Suppose 4*w + 2*r - 762 - 106 = 0, 454 = 2*w - 4*r. What is the units digit of w?
9
Let t = -31 - -57. Let f = t + -6. What is the tens digit of f?
2
Suppose -5*v = r - 1394, 0 = -r - 2*r - 5*v + 4222. What is the units digit of r?
4
Let v(a) = a**3 - 13*a**2 - 12*a - 1. Let b be (-6)/(-10) - 306/(-15). Let x = -7 + b. What is the units digit of v(x)?
7
Suppose 0 = s - 6*s + 175. Suppose 189 + s = 7*f. What is the units digit of f?
2
Suppose 0 = 2*z + 2*l + 402, -5*z - 1009 = 3*l + l. Let n = z + 289. What is the tens digit of n?
8
Let f = 4 - 4. Suppose f = k - 0*k + 120. What is the units digit of (-2)/(2 + k/58)?
9
Suppose -22*p + 794 + 1560 = 0. What is the units digit of p?
7
Let k = -1563 + 2222. What is the tens digit of k?
5
Let i = 6381 - 3776. What is the hundreds digit of i?
6
Let a(v) = -9*v - 743 + 41*v + 711. What is the tens digit of a(6)?
6
Let q be ((16/6)/(-4))/(6/(-18)). Suppose -5*i - 129 = -2*u + 290, 0 = -u - q*i + 205. What is the hundreds digit of u?
2
Let r(f) = 28*f - 4. Let o(d) = 27*d - 3. Let k(y) = 4*o(y) - 5*r(y). What is the units digit of k(-4)?
6
Let b = -558 - -1509. What is the tens digit of b?
5
Let k(v) be the first derivative of v**4/4 + 8*v**3/3 - v**2/2 - 3*v - 11. What is the units digit of k(-6)?
5
Suppose -5*d + 4*d + 4*n = -134, 3 = -3*n. Suppose -3*s = -5*o - s + d, 2*o = -4*s + 76. What is the tens digit of o?
2
Let y be (1 + 9)*3/(-2). What is the tens digit of (20/6)/((-2)/y)?
2
Let k be (-46)/(-8) + (-2)/(-8). Suppose -k*j = -j. Suppose 4*g - 52 = -j*g. What is the units digit of g?
3
Suppose -5*y + 2 - 12 = 0. What is the units digit of (y/3)/(6 + 9584/(-1596))?
3
Suppose 0*t - 6*t + 12 = 0. Let c(k) = -2*k + 4 + 7*k + 2*k**2 + 0*k**t - 2*k. What is the tens digit of c(-4)?
2
What is the units digit of 6790/(-8 + 13) - (-3 + 2)?
9
Suppose 0*c + d - 1141 = -2*c, 5*c + 5*d = 2845. What is the units digit of c?
2
Suppose -628 = 11*y - 7*y. Let l = 221 + y. What is the units digit of l?
4
Let y(d) be the second derivative of d**5/20 + 5*d**4/6 + 15*d**2/2 - 10*d. What is the units digit of y(-8)?
3
Let b be 3 + -7*2 - 3. Let d(y) = -y**3 - 15*y**2 - 17*y - 1. What is the units digit of d(b)?
1
Suppose -5 = -h + 2*f, h + f - 3 = -1. Suppose 141 = 2*z - 3*j - 57, h*z = -4*j + 263. What is the units digit of z?
3
Suppose 5*z - 934 - 251 = 0. Suppose -k - 75 = 4*m - z, k = -5*m + 167. What is the units digit of k?
2
Let k(x) = 38*x + 13. What is the units digit of k(8)?
7
Let t(f) be the second derivative of -2*f**2 + 5/12*f**4 + 1/20*f**5 - 5/6*f**3 - 2*f + 0. What is the tens digit of t(-5)?
2
Let q be (-2)/(4/9)*(-8)/12. Suppose q*w - 467 = -92. What is the hundreds digit of w?
1
Let b be (-2)/(-7) + 5/7. Let u be (0*4/8)/b. What is the tens digit of u - 1 - (-31 + 5)?
2
Let t = -12 + -3. Let r = 19 + t. What is the units digit of r?
4
Let a(r) = -2*r**3 + 2*r - 1. Let q be a(-2). Let m = 16 - q. Suppose -3*g + 46 = -2*d, 4*g - d = m*g - 17. What is the units digit of g?
6
Let p(s) be the first derivative of -s**3/3 + 9*s**2/2 + 5*s - 9. Let j be p(10). Let a = 31 - j. What is the units digit of a?
6
Let p be (-1)/(-3) + (-154)/(-6). Let w = 58 - p. Let q = w + -7. What is the units digit of q?
5
Suppose -19*n + 11750 = -9*n. What is the units digit of n?
5
Let w be 3 - -6*(-2)/4. Let t be (w + 2)/(-2) - -8. Suppose -93 = -4*p + t. What is the units digit of p?
5
What is the hundreds digit of 2/(-8*(-6)/18120)?
7
Let j = 126 - 127. What is the tens digit of (-476)/17*j/((-1)/(-8))?
2
Let f(u) = 2*u + 142. What is the tens digit of f(-21)?
0
Let t = 22 + -107. Let l = t + 252. What is the units digit of l?
7
Let m(z) = 2*z + 3. Let u be 6/(-15) + (-32)/20. Let a be m(u). Let p(b) = 33*b**2 + 1. What is the units digit of p(a)?
4
Suppose -8 = -18*j + 244. What is the units digit of j?
4
Let l(i) be the first derivative of 2*i**3/3 - 5*i**2 + 6*i - 1. Let r = 12 - 6. What is the tens digit of l(r)?
1
Suppose 1 = -0*v - v - f, 3*v + 2*f + 7 = 0. What is the units digit of v/((-88)/(-30) - 3)?
5
Suppose 88 = -x - 736. Let a = -292 - x. What is the tens digit of a/24 + 2/(-12)?
2
Let k be 13 + -12 + (-1 - 1). What is the units digit of (-2128)/(-35) - k/5?
1
Let k = -447 - -683. What is the tens digit of k?
3
Let q = 14 - 11. Let s be -3 + q/((-6)/(-194)). Suppose -s + 34 = -3*c. What is the tens digit of c?
2
What is the hundreds digit of (-11)/(-110) + (-193734)/(-60)?
2
Let w = -7 + 12. Suppose 0 = -w*a + 6 + 229. Let m = -26 + a. What is the tens digit of m?
2
Let n(i) = -5*i**3 + 75*i**2 + 16*i - 8. What is the tens digit of n(14)?
9
Suppose 0 = -2*l + 78 + 544. Let q be (2 + l + -4)/3. Let g = q - 45. What is the units digit of g?
8
Suppose 4*s + 2*s = 420. Let y = 79 - s. What is the units digit of y?
9
Suppose -2*c - 4*r + 1122 = 0, 573 = c - 0*c - 2*r. Suppose -u = 5*d - 710, d - u = 5*d - c. What is the hundreds digit of d?
1
Suppose 4*a = 2*j - 2198, -4396 = -4*j + 2*a - 3*a. What is the tens digit of j?
9
Suppose 966 = 4*g - 2718. What is the hundreds digit of g?
9
Let x = -37 - -37. Suppose x = -8*d + 631 + 81. What is the units digit of d?
9
Let g(d) = d**3 + 2*d**2 - 8*d + 5. Let a be g(8). Suppose -a = -8*n + n. What is the tens digit of n?
8
Suppose -1940 = -7*t + 412. What is the hundreds digit of t?
3
Suppose -12 = 5*r + 2*y, -y + 4 = -5*r - 20. What is the units digit of (10/r)/(7/(-70))?
5
Let a = -491 - -761. What is the units digit of a?
0
Let p = -173 + 177. Let f(z) = -12*z**3 - z**2 + 2*z - 1. Let q be f(1). What is the tens digit of q/(-9)*78/p?
2
Suppose 5*n - 12 = 3*v, 0 = 6*v - 2*v - 2*n + 30. What is the units digit of (v + 10)/((-1)/(-44))?
4
Let v(t) be the second derivative of t**4/6 + 2*t**3/3 + 3*t**2 - 4*t. Let b be v(-3). What is the units digit of b - (3*-2 - -2)?
6
Let z = -347 + 548. What is the units digit of z?
1
Let p(i) = 8*i**2 + 104*i - 16. What is the hundreds digit of p(-22)?
5
Suppose -5*a + 3 + 22 = 0. Suppose -3*v - 2*v = a. What is the units digit of v - (-7)/(21/12)?
3
Let u = -94 + 96. Suppose -496 = -4*t - 7*d + 3*d, 0 = t + u*d - 125. What is the units digit of t?
3
Suppose -s + 33 = 5*r, 0*s + 7 = -s + 5*r. Suppose -4*o + 16 = -4*v + 5*v, 4*v - s = o. What is the tens digit of o + -1 - (-14 - 1)?
1
Let d(s) = s**3 - 15*s**2 - 39*s - 9. What is the hundreds digit of d(19)?
6
Let y(w) = -2*w**3 + 21*w**2 - 5*w - 9. Let b be y(9). Suppose -3*o = 5*n - 5*o - b, 0 = -2*n + 3*o + 80. What is the tens digit of n?
3
Suppose -2*m + 2 = -6. Let c(i) = i**2 + 3*i**2 + 5*i**2 - 8*i**2 + 2 - i. What is the units digit of c(m)?
4
Let x be 93/(-24) + (-2)/16. Let r(u) = 2*u**2 - 4*u - 7. What is the units digit of r(x)?
1
Suppose 3*t + 23 + 4 = 0. Let i = t - -14. What is the units digit of i?
5
Let z(u) = 16*u**2 + 29*u + 36. What is the tens digit of z(-16)?
6
Let x(u) = 3*u - 6. Suppose -2*k = -3*k + 3. Suppose n - 28 = -4*w - k*n, 20 = 3*w + 4*n. What is the units digit of x(w)?
8
Let g be 4/8*0 - 2. Let x be (g/4)/((-10)/4040). Suppose x = 9*i + 49. What is the units digit of i?
7
Suppose 0 = -3*g + 12, 140 = -4*w + 5*g - 4*g. Let j = 41 - w. What is the units digit of j?
5
Let t(a) = -a + 17*a**2 - 2 - 16*a - 6 - 4*a + a**3. What is the units digit of t(-18)?
6
Let p(t) = t**3 + t + 1. Let k(v) = -4*v**3 + v**2 - 4*v - 13. Let i(j) = -k(j) - 5*p(j). Suppose -38*s = -33*s. What is the units digit of i(s)?
8
Suppose 8*z - 2104 = 256. What is the hundreds digit of z?
2
What is the hundreds digit of 50/(-5)*6784/(-40)?
6
Suppose -4*x = -w - 4424, -4*x - 1986 = -2*w - 6406. What is the thousands digit of x?
1
Let s(t) = 9 + 2*t**3 - 7*t - t**3 - 3*t**2 - 7*t. What is the units digit of s(6)?
3
Let d(u) = 9*u - 16. Let n be d(5). Let i = 68 - n. What is the tens 